{"id":7689,"date":"2026-03-15T00:20:12","date_gmt":"2026-03-14T23:20:12","guid":{"rendered":"https:\/\/prosataudio.tn\/?post_type=product&#038;p=7689"},"modified":"2026-03-18T11:46:53","modified_gmt":"2026-03-18T10:46:53","slug":"module-amplificateur-sound-town-stpa-g750dsp-v-classe-d-700w","status":"publish","type":"product","link":"https:\/\/prosataudio.tn\/?product=module-amplificateur-sound-town-stpa-g750dsp-v-classe-d-700w","title":{"rendered":"Module amplificateur Sound Town STPA-G750DSP-V \u2013 Classe D \u2013 700W"},"content":{"rendered":"<div class=\"wpb-content-wrapper\"><p>[vc_row css=\u00a0\u00bb.vc_custom_1666272380651{margin-bottom: 80px !important;}\u00a0\u00bb woodmart_css_id=\u00a0\u00bb63514c723c2f3&Prime; responsive_spacing=\u00a0\u00bbeyJwYXJhbV90eXBlIjoid29vZG1hcnRfcmVzcG9uc2l2ZV9zcGFjaW5nIiwic2VsZWN0b3JfaWQiOiI2MzUxNGM3MjNjMmYzIiwic2hvcnRjb2RlIjoidmNfcm93IiwiZGF0YSI6eyJ0YWJsZXQiOnsibWFyZ2luLWJvdHRvbSI6IjYwIn0sIm1vYmlsZSI6eyJtYXJnaW4tYm90dG9tIjoiNDAifX19&Prime; mobile_bg_img_hidden=\u00a0\u00bbno\u00a0\u00bb tablet_bg_img_hidden=\u00a0\u00bbno\u00a0\u00bb woodmart_parallax=\u00a0\u00bb0&Prime; woodmart_gradient_switch=\u00a0\u00bbno\u00a0\u00bb woodmart_box_shadow=\u00a0\u00bbno\u00a0\u00bb wd_z_index=\u00a0\u00bbno\u00a0\u00bb woodmart_disable_overflow=\u00a0\u00bb0&Prime; row_reverse_mobile=\u00a0\u00bb0&Prime; row_reverse_tablet=\u00a0\u00bb0&Prime;][vc_column css=\u00a0\u00bb.vc_custom_1666272391679{padding-top: 0px !important;}\u00a0\u00bb woodmart_css_id=\u00a0\u00bb63514c8260958&Prime; parallax_scroll=\u00a0\u00bbno\u00a0\u00bb woodmart_sticky_column=\u00a0\u00bbfalse\u00a0\u00bb wd_collapsible_content_switcher=\u00a0\u00bbno\u00a0\u00bb wd_column_role_offcanvas_desktop=\u00a0\u00bbno\u00a0\u00bb wd_column_role_offcanvas_tablet=\u00a0\u00bbno\u00a0\u00bb wd_column_role_offcanvas_mobile=\u00a0\u00bbno\u00a0\u00bb wd_column_role_content_desktop=\u00a0\u00bbno\u00a0\u00bb wd_column_role_content_tablet=\u00a0\u00bbno\u00a0\u00bb wd_column_role_content_mobile=\u00a0\u00bbno\u00a0\u00bb mobile_bg_img_hidden=\u00a0\u00bbno\u00a0\u00bb tablet_bg_img_hidden=\u00a0\u00bbno\u00a0\u00bb woodmart_parallax=\u00a0\u00bb0&Prime; woodmart_box_shadow=\u00a0\u00bbno\u00a0\u00bb responsive_spacing=\u00a0\u00bbeyJwYXJhbV90eXBlIjoid29vZG1hcnRfcmVzcG9uc2l2ZV9zcGFjaW5nIiwic2VsZWN0b3JfaWQiOiI2MzUxNGM4MjYwOTU4Iiwic2hvcnRjb2RlIjoidmNfY29sdW1uIiwiZGF0YSI6eyJ0YWJsZXQiOnt9LCJtb2JpbGUiOnt9fX0=\u00a0\u00bb mobile_reset_margin=\u00a0\u00bbno\u00a0\u00bb tablet_reset_margin=\u00a0\u00bbno\u00a0\u00bb wd_z_index=\u00a0\u00bbno\u00a0\u00bb]\n\t\t<div id=\"wd-69b5ec2e93add\" class=\"title-wrapper wd-wpb wd-set-mb reset-last-child  wd-rs-69b5ec2e93add wd-title-color-default wd-title-style-default text-center  wd-underline-colored\">\n\t\t\t\n\t\t\t<div class=\"liner-continer\">\n\t\t\t\t<h4 class=\"woodmart-title-container title  wd-font-weight- wd-fontsize-l\" >Amplificateur Plaque Sound Town STPA-G750DSP-V \u2013 Module Amplificateur Classe-D 700W avec DSP et Bluetooth<\/h4>\n\t\t\t\t\t\t\t<\/div>\n\t\t\t\n\t\t\t\n\t\t\t\n\t\t<\/div>\n\t\t\n\t\t\t\t<div id=\"wd-69ba828b29f5c\" class=\"wd-image wd-wpb wd-rs-69ba828b29f5c text-center \">\n\t\t\t\n\t\t\t<img loading=\"lazy\" decoding=\"async\" width=\"300\" height=\"300\" src=\"https:\/\/prosataudio.tn\/wp-content\/uploads\/2026\/03\/ADD-300x300.png\" class=\"attachment-medium size-medium\" alt=\"\" srcset=\"https:\/\/prosataudio.tn\/wp-content\/uploads\/2026\/03\/ADD-300x300.png 300w, https:\/\/prosataudio.tn\/wp-content\/uploads\/2026\/03\/ADD-1024x1024.png 1024w, https:\/\/prosataudio.tn\/wp-content\/uploads\/2026\/03\/ADD-150x150.png 150w, https:\/\/prosataudio.tn\/wp-content\/uploads\/2026\/03\/ADD-768x768.png 768w, https:\/\/prosataudio.tn\/wp-content\/uploads\/2026\/03\/ADD-1536x1536.png 1536w, https:\/\/prosataudio.tn\/wp-content\/uploads\/2026\/03\/ADD-2048x2048.png 2048w, https:\/\/prosataudio.tn\/wp-content\/uploads\/2026\/03\/ADD-600x600.png 600w, https:\/\/prosataudio.tn\/wp-content\/uploads\/2026\/03\/ADD-1200x1200.png 1200w, https:\/\/prosataudio.tn\/wp-content\/uploads\/2026\/03\/ADD-64x64.png 64w\" sizes=\"auto, (max-width: 300px) 100vw, 300px\" \/>\n\t\t\t\t\t<\/div>\n\t\t\t\t<div id=\"wd-69b5ec42c0da0\" class=\"wd-text-block wd-wpb reset-last-child wd-rs-69b5ec42c0da0 text-left vc_custom_1773530188165\">\n\t\t\t<p class=\"ds-markdown-paragraph\">Module amplificateur professionnel de <strong>Classe D<\/strong> en configuration bi-amplifi\u00e9e d\u00e9livrant <strong>700W continus<\/strong> (500W graves + 200W aigus). Con\u00e7u pour l&rsquo;int\u00e9gration dans des enceintes de sonorisation (PA, DJ), il int\u00e8gre un <strong>DSP programmable<\/strong> (4 presets), un <strong>r\u00e9cepteur Bluetooth 5.0<\/strong> avec fonction TWS, et une connectique compl\u00e8te. La solution tout-en-un haut de gamme pour des enceintes actives performantes.<\/p>\n<p class=\"ds-markdown-paragraph\"><strong>Description longue et d\u00e9taill\u00e9e :<\/strong><br \/>\nLe module <strong>Sound Town STPA-G750DSP-V<\/strong> est une carte amplificateur de pointe con\u00e7ue pour les professionnels de l&rsquo;audio et les passionn\u00e9s exigeants. Il concentre une puissance impressionnante, un traitement num\u00e9rique sophistiqu\u00e9 et une connectivit\u00e9 sans fil moderne dans un format robuste pr\u00eat \u00e0 int\u00e9grer.<\/p>\n<ul>\n<li>\n<p class=\"ds-markdown-paragraph\"><strong>Bi-amplification Puissante et Pr\u00e9cise :<\/strong> Ce module est optimis\u00e9 pour les enceintes deux voies, avec deux canaux d\u00e9di\u00e9s :<\/p>\n<ul>\n<li>\n<p class=\"ds-markdown-paragraph\"><strong>Canal grave (LF) :<\/strong> 500W continus sous 4\u03a9, pour un woofer puissant et contr\u00f4l\u00e9.<\/p>\n<\/li>\n<li>\n<p class=\"ds-markdown-paragraph\"><strong>Canal aigu (HF) :<\/strong> 200W continus sous 4\u03a9, pour un moteur de compression clair et d\u00e9taill\u00e9.<\/p>\n<\/li>\n<li>\n<p class=\"ds-markdown-paragraph\">La technologie <strong>Classe D<\/strong> garantit un rendement exceptionnel, une dissipation thermique minimale et une compacit\u00e9 remarquable.<\/p>\n<\/li>\n<\/ul>\n<\/li>\n<li>\n<p class=\"ds-markdown-paragraph\"><strong>Processeur DSP Int\u00e9gr\u00e9 Haute Pr\u00e9cision :<\/strong> Le c\u0153ur du syst\u00e8me est un DSP offrant un contr\u00f4le total sur le signal audio :<\/p>\n<ul>\n<li>\n<p class=\"ds-markdown-paragraph\"><strong>4 presets utilisateur<\/strong> pour basculer rapidement entre diff\u00e9rentes configurations.<\/p>\n<\/li>\n<li>\n<p class=\"ds-markdown-paragraph\"><strong>R\u00e9glages manuels<\/strong> pour l&rsquo;<strong>\u00e9galisation (EQ)<\/strong>, le <strong>bass boost<\/strong>, et le <strong>contr\u00f4le du d\u00e9lai<\/strong>, permettant d&rsquo;ajuster parfaitement la r\u00e9ponse de l&rsquo;enceinte \u00e0 son environnement.<\/p>\n<\/li>\n<\/ul>\n<\/li>\n<li>\n<p class=\"ds-markdown-paragraph\"><strong>Connectivit\u00e9 Sans Fil et en R\u00e9seau :<\/strong><\/p>\n<ul>\n<li>\n<p class=\"ds-markdown-paragraph\"><strong>Bluetooth 5.0 int\u00e9gr\u00e9<\/strong> pour le streaming audio haute qualit\u00e9 depuis n&rsquo;importe quel appareil compatible.<\/p>\n<\/li>\n<li>\n<p class=\"ds-markdown-paragraph\"><strong>Fonction TWS (True Wireless Stereo)<\/strong> : Permet de connecter deux modules identiques sans fil pour cr\u00e9er une paire st\u00e9r\u00e9o immersive et puissante.<\/p>\n<\/li>\n<\/ul>\n<\/li>\n<li>\n<p class=\"ds-markdown-paragraph\"><strong>Connectique Professionnelle Polyvalente :<\/strong><\/p>\n<ul>\n<li>\n<p class=\"ds-markdown-paragraph\"><strong>Entr\u00e9es :<\/strong> 2x entr\u00e9es combo <strong>XLR \/ Jack 1\/4&Prime;<\/strong> (pour micros et instruments), 1x entr\u00e9e <strong>Aux (1\/8&Prime;)<\/strong>.<\/p>\n<\/li>\n<li>\n<p class=\"ds-markdown-paragraph\"><strong>Sorties :<\/strong> 2x sorties <strong>XLR<\/strong> (pouvant \u00eatre commut\u00e9es pour diff\u00e9rentes configurations, comme l&rsquo;envoi du signal vers d&rsquo;autres enceintes).<\/p>\n<\/li>\n<\/ul>\n<\/li>\n<li>\n<p class=\"ds-markdown-paragraph\"><strong>Fiabilit\u00e9 et Robustesse :<\/strong> Con\u00e7u pour une utilisation intensive, il int\u00e8gre des protections contre les <strong>surintensit\u00e9s et les courts-circuits<\/strong>. Son bo\u00eetier robuste avec <strong>panneau de dissipation en aluminium<\/strong> assure un refroidissement efficace m\u00eame dans les conditions les plus exigeantes.<\/p>\n<\/li>\n<li>\n<p class=\"ds-markdown-paragraph\"><strong>Applications Id\u00e9ales :<\/strong><\/p>\n<ul>\n<li>\n<p class=\"ds-markdown-paragraph\"><strong>Enceintes actives de sonorisation<\/strong> pour groupes, DJ, \u00e9v\u00e9nements.<\/p>\n<\/li>\n<li>\n<p class=\"ds-markdown-paragraph\"><strong>Int\u00e9gration dans des caissons de sonorisation<\/strong> sur mesure.<\/p>\n<\/li>\n<li>\n<p class=\"ds-markdown-paragraph\"><strong>Cr\u00e9ation de syst\u00e8mes audio<\/strong> pour bars, clubs, salles de spectacle.<\/p>\n<\/li>\n<li>\n<p class=\"ds-markdown-paragraph\"><strong>Remplacement ou upgrade<\/strong> de modules amplificateurs existants.<\/p>\n<\/li>\n<\/ul>\n<\/li>\n<\/ul>\n\t\t<\/div>\n\t\t[\/vc_column][\/vc_row]<\/p>\n<\/div>","protected":false},"excerpt":{"rendered":"<p>Le <strong data-start=\"301\" data-end=\"342\"><span class=\"hover:entity-accent entity-underline inline cursor-pointer align-baseline\"><span class=\"whitespace-normal\">Sound Town STPA\u2011G750DSP\u2011V<\/span><\/span><\/strong> est un module amplificateur professionnel con\u00e7u pour les <strong data-start=\"400\" data-end=\"467\">enceintes actives, syst\u00e8mes de sonorisation et haut-parleurs DJ<\/strong>.<\/p>\n","protected":false},"featured_media":7714,"template":"","meta":[],"product_brand":[361],"product_cat":[272,355,248,249],"product_tag":[],"class_list":{"0":"post-7689","1":"product","2":"type-product","3":"status-publish","4":"has-post-thumbnail","6":"product_brand-rqsonic","7":"product_cat-accessoires","8":"product_cat-composants","9":"product_cat-sonorisation","10":"product_cat-sonorisation-live","12":"first","13":"instock","14":"taxable","15":"shipping-taxable","16":"purchasable","17":"product-type-simple"},"_links":{"self":[{"href":"https:\/\/prosataudio.tn\/index.php?rest_route=\/wp\/v2\/product\/7689","targetHints":{"allow":["GET"]}}],"collection":[{"href":"https:\/\/prosataudio.tn\/index.php?rest_route=\/wp\/v2\/product"}],"about":[{"href":"https:\/\/prosataudio.tn\/index.php?rest_route=\/wp\/v2\/types\/product"}],"wp:featuredmedia":[{"embeddable":true,"href":"https:\/\/prosataudio.tn\/index.php?rest_route=\/wp\/v2\/media\/7714"}],"wp:attachment":[{"href":"https:\/\/prosataudio.tn\/index.php?rest_route=%2Fwp%2Fv2%2Fmedia&parent=7689"}],"wp:term":[{"taxonomy":"product_brand","embeddable":true,"href":"https:\/\/prosataudio.tn\/index.php?rest_route=%2Fwp%2Fv2%2Fproduct_brand&post=7689"},{"taxonomy":"product_cat","embeddable":true,"href":"https:\/\/prosataudio.tn\/index.php?rest_route=%2Fwp%2Fv2%2Fproduct_cat&post=7689"},{"taxonomy":"product_tag","embeddable":true,"href":"https:\/\/prosataudio.tn\/index.php?rest_route=%2Fwp%2Fv2%2Fproduct_tag&post=7689"}],"curies":[{"name":"wp","href":"https:\/\/api.w.org\/{rel}","templated":true}]}}