{"id":7722,"date":"2026-03-18T23:56:48","date_gmt":"2026-03-18T22:56:48","guid":{"rendered":"https:\/\/prosataudio.tn\/?post_type=product&#038;p=7722"},"modified":"2026-03-19T00:04:17","modified_gmt":"2026-03-18T23:04:17","slug":"table-de-mixage-numerique-professionnelle-gax-gs8-8-canaux","status":"publish","type":"product","link":"https:\/\/prosataudio.tn\/?product=table-de-mixage-numerique-professionnelle-gax-gs8-8-canaux","title":{"rendered":"Table de mixage num\u00e9rique professionnelle GAX-GS8 \u2013 8 canaux"},"content":{"rendered":"<div class=\"wpb-content-wrapper\"><p>[vc_row css=\u00a0\u00bb.vc_custom_1666272380651{margin-bottom: 80px !important;}\u00a0\u00bb woodmart_css_id=\u00a0\u00bb63514c723c2f3&Prime; responsive_spacing=\u00a0\u00bbeyJwYXJhbV90eXBlIjoid29vZG1hcnRfcmVzcG9uc2l2ZV9zcGFjaW5nIiwic2VsZWN0b3JfaWQiOiI2MzUxNGM3MjNjMmYzIiwic2hvcnRjb2RlIjoidmNfcm93IiwiZGF0YSI6eyJ0YWJsZXQiOnsibWFyZ2luLWJvdHRvbSI6IjYwIn0sIm1vYmlsZSI6eyJtYXJnaW4tYm90dG9tIjoiNDAifX19&Prime; mobile_bg_img_hidden=\u00a0\u00bbno\u00a0\u00bb tablet_bg_img_hidden=\u00a0\u00bbno\u00a0\u00bb woodmart_parallax=\u00a0\u00bb0&Prime; woodmart_gradient_switch=\u00a0\u00bbno\u00a0\u00bb woodmart_box_shadow=\u00a0\u00bbno\u00a0\u00bb wd_z_index=\u00a0\u00bbno\u00a0\u00bb woodmart_disable_overflow=\u00a0\u00bb0&Prime; row_reverse_mobile=\u00a0\u00bb0&Prime; row_reverse_tablet=\u00a0\u00bb0&Prime;][vc_column css=\u00a0\u00bb.vc_custom_1666272391679{padding-top: 0px !important;}\u00a0\u00bb woodmart_css_id=\u00a0\u00bb63514c8260958&Prime; parallax_scroll=\u00a0\u00bbno\u00a0\u00bb woodmart_sticky_column=\u00a0\u00bbfalse\u00a0\u00bb wd_collapsible_content_switcher=\u00a0\u00bbno\u00a0\u00bb wd_column_role_offcanvas_desktop=\u00a0\u00bbno\u00a0\u00bb wd_column_role_offcanvas_tablet=\u00a0\u00bbno\u00a0\u00bb wd_column_role_offcanvas_mobile=\u00a0\u00bbno\u00a0\u00bb wd_column_role_content_desktop=\u00a0\u00bbno\u00a0\u00bb wd_column_role_content_tablet=\u00a0\u00bbno\u00a0\u00bb wd_column_role_content_mobile=\u00a0\u00bbno\u00a0\u00bb mobile_bg_img_hidden=\u00a0\u00bbno\u00a0\u00bb tablet_bg_img_hidden=\u00a0\u00bbno\u00a0\u00bb woodmart_parallax=\u00a0\u00bb0&Prime; woodmart_box_shadow=\u00a0\u00bbno\u00a0\u00bb responsive_spacing=\u00a0\u00bbeyJwYXJhbV90eXBlIjoid29vZG1hcnRfcmVzcG9uc2l2ZV9zcGFjaW5nIiwic2VsZWN0b3JfaWQiOiI2MzUxNGM4MjYwOTU4Iiwic2hvcnRjb2RlIjoidmNfY29sdW1uIiwiZGF0YSI6eyJ0YWJsZXQiOnt9LCJtb2JpbGUiOnt9fX0=\u00a0\u00bb mobile_reset_margin=\u00a0\u00bbno\u00a0\u00bb tablet_reset_margin=\u00a0\u00bbno\u00a0\u00bb wd_z_index=\u00a0\u00bbno\u00a0\u00bb]\n\t\t<div id=\"wd-69bb2cdc7d3b3\" class=\"title-wrapper wd-wpb wd-set-mb reset-last-child  wd-rs-69bb2cdc7d3b3 wd-title-color-default wd-title-style-default text-center  wd-underline-colored\">\n\t\t\t\n\t\t\t<div class=\"liner-continer\">\n\t\t\t\t<h4 class=\"woodmart-title-container title  wd-font-weight- wd-fontsize-l\" >Table de Mixage GAX GS8 \u2013 Console Audio 8 Canaux avec 99 Effets DSP 24-bit<\/h4>\n\t\t\t\t\t\t\t<\/div>\n\t\t\t\n\t\t\t\n\t\t\t\n\t\t<\/div>\n\t\t\n\t\t\t\t<div id=\"wd-69bb2ce303800\" class=\"wd-image wd-wpb wd-rs-69bb2ce303800 text-center \">\n\t\t\t\n\t\t\t<img loading=\"lazy\" decoding=\"async\" width=\"300\" height=\"300\" src=\"https:\/\/prosataudio.tn\/wp-content\/uploads\/2026\/03\/GS8-2.avif\" class=\"attachment-medium size-medium\" alt=\"\" \/>\n\t\t\t\t\t<\/div>\n\t\t\t\t<div id=\"wd-69bb2d5e0b21d\" class=\"wd-text-block wd-wpb reset-last-child wd-rs-69bb2d5e0b21d text-left vc_custom_1773874530897\">\n\t\t\t<p class=\"ds-markdown-paragraph\">Table de mixage <strong>8 canaux<\/strong> polyvalente et performante, id\u00e9ale pour le live, le studio et le streaming. Elle int\u00e8gre <strong>99 effets num\u00e9riques DSP<\/strong>, une interface USB pour l&rsquo;enregistrement\/lecture MP3, une alimentation fant\u00f4me <strong>48V<\/strong> et un affichage LED clair. Un outil complet pour musiciens, streamers et vid\u00e9astes.<\/p>\n<p class=\"ds-markdown-paragraph\"><strong>Description longue et d\u00e9taill\u00e9e :<\/strong><br \/>\nLa console de mixage <strong>GAX-GS8<\/strong> de Recordio est con\u00e7ue pour offrir une qualit\u00e9 audio professionnelle et une flexibilit\u00e9 maximale dans un format compact. Que vous soyez musicien, podcasteur, cr\u00e9ateur de contenu ou technicien son, elle rassemble toutes les fonctionnalit\u00e9s essentielles pour des mixes pr\u00e9cis et cr\u00e9atifs.<\/p>\n<ul>\n<li>\n<p class=\"ds-markdown-paragraph\"><strong>8 Canaux Polyvalents :<\/strong> Dispose de plusieurs entr\u00e9es pour connecter micros, instruments et sources ligne, parfait pour g\u00e9rer un groupe, un podcast ou une configuration multi-sources.<\/p>\n<\/li>\n<li>\n<p class=\"ds-markdown-paragraph\"><strong>Richesse d&rsquo;Effets DSP Int\u00e9gr\u00e9s :<\/strong> \u00c9quip\u00e9e de <strong>99 effets num\u00e9riques<\/strong> de qualit\u00e9 studio (r\u00e9verb\u00e9rations, d\u00e9lais, chorus, etc.) pour enrichir et modeler votre son sans processeur externe.<\/p>\n<\/li>\n<li>\n<p class=\"ds-markdown-paragraph\"><strong>Qualit\u00e9 Audio Professionnelle :<\/strong><\/p>\n<ul>\n<li>\n<p class=\"ds-markdown-paragraph\">Traitement audio en <strong>24 bits<\/strong> pour une grande dynamique et une faible distorsion (0.03% THD).<\/p>\n<\/li>\n<li>\n<p class=\"ds-markdown-paragraph\">Rapport signal\/bruit sup\u00e9rieur \u00e0 <strong>90dB<\/strong> pour un son clair et sans bruit de fond.<\/p>\n<\/li>\n<li>\n<p class=\"ds-markdown-paragraph\">R\u00e9ponse en fr\u00e9quence large de <strong>20Hz \u00e0 20kHz<\/strong>, couvrant tout le spectre audible.<\/p>\n<\/li>\n<\/ul>\n<\/li>\n<li>\n<p class=\"ds-markdown-paragraph\"><strong>Connectique Compl\u00e8te pour le Studio et la Sc\u00e8ne :<\/strong><\/p>\n<ul>\n<li>\n<p class=\"ds-markdown-paragraph\"><strong>Alimentation fant\u00f4me 48V<\/strong> : Activez-la pour utiliser des microphones \u00e0 condensateur de qualit\u00e9 studio.<\/p>\n<\/li>\n<li>\n<p class=\"ds-markdown-paragraph\"><strong>Interface USB int\u00e9gr\u00e9e<\/strong> : Connectez-la directement \u00e0 votre ordinateur pour l&rsquo;enregistrement multipiste ou la lecture audio (MP3).<\/p>\n<\/li>\n<li>\n<p class=\"ds-markdown-paragraph\">Entr\u00e9es micro et ligne sensibles avec une sensibilit\u00e9 ajustable (-60dB pour micro, -20dB pour ligne).<\/p>\n<\/li>\n<\/ul>\n<\/li>\n<li>\n<p class=\"ds-markdown-paragraph\"><strong>Affichage et Contr\u00f4le :<\/strong> Un <strong>\u00e9cran LED<\/strong> clair permet de visualiser facilement les niveaux, les effets s\u00e9lectionn\u00e9s et les param\u00e8tres.<\/p>\n<\/li>\n<li>\n<p class=\"ds-markdown-paragraph\"><strong>Alimentation Universelle :<\/strong> Fonctionne sur secteur de <strong>100V \u00e0 240V<\/strong>, utilisable partout dans le monde.<\/p>\n<\/li>\n<li>\n<p class=\"ds-markdown-paragraph\"><strong>Applications Id\u00e9ales :<\/strong><\/p>\n<ul>\n<li>\n<p class=\"ds-markdown-paragraph\"><strong>Streaming et Podcasting<\/strong> : Id\u00e9al pour g\u00e9rer plusieurs micros et sources audio en direct.<\/p>\n<\/li>\n<li>\n<p class=\"ds-markdown-paragraph\"><strong>Studio d&rsquo;enregistrement<\/strong> : Pour enregistrer des maquettes ou des projets.<\/p>\n<\/li>\n<li>\n<p class=\"ds-markdown-paragraph\"><strong>Sc\u00e8ne et Live<\/strong> : Pour des petits concerts, des conf\u00e9rences ou des \u00e9v\u00e9nements.<\/p>\n<\/li>\n<li>\n<p class=\"ds-markdown-paragraph\"><strong>Cr\u00e9ateurs de contenu<\/strong> : Am\u00e9liorez la qualit\u00e9 audio de vos vid\u00e9os YouTube ou lives.<\/p>\n<\/li>\n<\/ul>\n<\/li>\n<\/ul>\n\t\t<\/div>\n\t\t[\/vc_column][\/vc_row]<\/p>\n<\/div>","protected":false},"excerpt":{"rendered":"<p>La <strong data-start=\"250\" data-end=\"290\">table de mixage GAX GS8 99DSP 24-bit<\/strong> est une console audio professionnelle con\u00e7ue pour les <strong data-start=\"345\" data-end=\"405\">DJ, studios, \u00e9v\u00e9nements live et syst\u00e8mes de sonorisation<\/strong>.<\/p>\n","protected":false},"featured_media":7717,"template":"","meta":[],"product_brand":[373],"product_cat":[259,261],"product_tag":[221,376,375,374,377],"class_list":{"0":"post-7722","1":"product","2":"type-product","3":"status-publish","4":"has-post-thumbnail","6":"product_brand-recordio","7":"product_cat-table-de-mixage","8":"product_cat-table-de-mixage-avec-interface-pc","9":"product_tag-8-canaux","10":"product_tag-bluetooth","11":"product_tag-dsp","12":"product_tag-mixeur-audio","13":"product_tag-usb","15":"first","16":"instock","17":"taxable","18":"shipping-taxable","19":"purchasable","20":"product-type-simple"},"_links":{"self":[{"href":"https:\/\/prosataudio.tn\/index.php?rest_route=\/wp\/v2\/product\/7722","targetHints":{"allow":["GET"]}}],"collection":[{"href":"https:\/\/prosataudio.tn\/index.php?rest_route=\/wp\/v2\/product"}],"about":[{"href":"https:\/\/prosataudio.tn\/index.php?rest_route=\/wp\/v2\/types\/product"}],"wp:featuredmedia":[{"embeddable":true,"href":"https:\/\/prosataudio.tn\/index.php?rest_route=\/wp\/v2\/media\/7717"}],"wp:attachment":[{"href":"https:\/\/prosataudio.tn\/index.php?rest_route=%2Fwp%2Fv2%2Fmedia&parent=7722"}],"wp:term":[{"taxonomy":"product_brand","embeddable":true,"href":"https:\/\/prosataudio.tn\/index.php?rest_route=%2Fwp%2Fv2%2Fproduct_brand&post=7722"},{"taxonomy":"product_cat","embeddable":true,"href":"https:\/\/prosataudio.tn\/index.php?rest_route=%2Fwp%2Fv2%2Fproduct_cat&post=7722"},{"taxonomy":"product_tag","embeddable":true,"href":"https:\/\/prosataudio.tn\/index.php?rest_route=%2Fwp%2Fv2%2Fproduct_tag&post=7722"}],"curies":[{"name":"wp","href":"https:\/\/api.w.org\/{rel}","templated":true}]}}