{"id":7754,"date":"2026-03-22T01:17:05","date_gmt":"2026-03-22T00:17:05","guid":{"rendered":"https:\/\/prosataudio.tn\/?post_type=product&#038;p=7754"},"modified":"2026-03-22T01:17:05","modified_gmt":"2026-03-22T00:17:05","slug":"table-de-mixage-dj-gax-mf4","status":"publish","type":"product","link":"https:\/\/prosataudio.tn\/?product=table-de-mixage-dj-gax-mf4","title":{"rendered":"Table de mixage DJ GAX-MF4"},"content":{"rendered":"<div class=\"wpb-content-wrapper\"><p>[vc_row css=\u00a0\u00bb.vc_custom_1666272380651{margin-bottom: 80px !important;}\u00a0\u00bb woodmart_css_id=\u00a0\u00bb63514c723c2f3&Prime; responsive_spacing=\u00a0\u00bbeyJwYXJhbV90eXBlIjoid29vZG1hcnRfcmVzcG9uc2l2ZV9zcGFjaW5nIiwic2VsZWN0b3JfaWQiOiI2MzUxNGM3MjNjMmYzIiwic2hvcnRjb2RlIjoidmNfcm93IiwiZGF0YSI6eyJ0YWJsZXQiOnsibWFyZ2luLWJvdHRvbSI6IjYwIn0sIm1vYmlsZSI6eyJtYXJnaW4tYm90dG9tIjoiNDAifX19&Prime; mobile_bg_img_hidden=\u00a0\u00bbno\u00a0\u00bb tablet_bg_img_hidden=\u00a0\u00bbno\u00a0\u00bb woodmart_parallax=\u00a0\u00bb0&Prime; woodmart_gradient_switch=\u00a0\u00bbno\u00a0\u00bb woodmart_box_shadow=\u00a0\u00bbno\u00a0\u00bb wd_z_index=\u00a0\u00bbno\u00a0\u00bb woodmart_disable_overflow=\u00a0\u00bb0&Prime; row_reverse_mobile=\u00a0\u00bb0&Prime; row_reverse_tablet=\u00a0\u00bb0&Prime;][vc_column css=\u00a0\u00bb.vc_custom_1666272391679{padding-top: 0px !important;}\u00a0\u00bb woodmart_css_id=\u00a0\u00bb63514c8260958&Prime; parallax_scroll=\u00a0\u00bbno\u00a0\u00bb woodmart_sticky_column=\u00a0\u00bbfalse\u00a0\u00bb wd_collapsible_content_switcher=\u00a0\u00bbno\u00a0\u00bb wd_column_role_offcanvas_desktop=\u00a0\u00bbno\u00a0\u00bb wd_column_role_offcanvas_tablet=\u00a0\u00bbno\u00a0\u00bb wd_column_role_offcanvas_mobile=\u00a0\u00bbno\u00a0\u00bb wd_column_role_content_desktop=\u00a0\u00bbno\u00a0\u00bb wd_column_role_content_tablet=\u00a0\u00bbno\u00a0\u00bb wd_column_role_content_mobile=\u00a0\u00bbno\u00a0\u00bb mobile_bg_img_hidden=\u00a0\u00bbno\u00a0\u00bb tablet_bg_img_hidden=\u00a0\u00bbno\u00a0\u00bb woodmart_parallax=\u00a0\u00bb0&Prime; woodmart_box_shadow=\u00a0\u00bbno\u00a0\u00bb responsive_spacing=\u00a0\u00bbeyJwYXJhbV90eXBlIjoid29vZG1hcnRfcmVzcG9uc2l2ZV9zcGFjaW5nIiwic2VsZWN0b3JfaWQiOiI2MzUxNGM4MjYwOTU4Iiwic2hvcnRjb2RlIjoidmNfY29sdW1uIiwiZGF0YSI6eyJ0YWJsZXQiOnt9LCJtb2JpbGUiOnt9fX0=\u00a0\u00bb mobile_reset_margin=\u00a0\u00bbno\u00a0\u00bb tablet_reset_margin=\u00a0\u00bbno\u00a0\u00bb wd_z_index=\u00a0\u00bbno\u00a0\u00bb]\n\t\t<div id=\"wd-69bf3337e37d9\" class=\"title-wrapper wd-wpb wd-set-mb reset-last-child  wd-rs-69bf3337e37d9 wd-title-color-default wd-title-style-default text-center  wd-underline-colored\">\n\t\t\t\n\t\t\t<div class=\"liner-continer\">\n\t\t\t\t<h4 class=\"woodmart-title-container title  wd-font-weight- wd-fontsize-l\" >Table de Mixage DJ GAX-MF4 4 Canaux avec Interface USB, Bluetooth et Effets DSP \u2013 Console Audio Professionnelle<\/h4>\n\t\t\t\t\t\t\t<\/div>\n\t\t\t\n\t\t\t\n\t\t\t\n\t\t<\/div>\n\t\t\n\t\t\t\t<div id=\"wd-69bf3449e33ff\" class=\"wd-image wd-wpb wd-rs-69bf3449e33ff text-center \">\n\t\t\t\n\t\t\t<img loading=\"lazy\" decoding=\"async\" width=\"300\" height=\"300\" src=\"https:\/\/prosataudio.tn\/wp-content\/uploads\/2026\/03\/MF4-3.avif\" class=\"attachment-medium size-medium\" alt=\"\" \/>\n\t\t\t\t\t<\/div>\n\t\t\t\t<div id=\"wd-69bf33f5c4d9e\" class=\"wd-text-block wd-wpb reset-last-child wd-rs-69bf33f5c4d9e text-left vc_custom_1774138364007\">\n\t\t\t<p class=\"ds-markdown-paragraph\">Console de mixage <strong>4 canaux<\/strong> compacte et polyvalente, id\u00e9ale pour le karaok\u00e9, le home studio, les petits \u00e9v\u00e9nements ou l&rsquo;enregistrement. Elle int\u00e8gre une <strong>alimentation fant\u00f4me 48V<\/strong>, des effets num\u00e9riques, une connectivit\u00e9 <strong>USB et Bluetooth<\/strong>, ainsi qu&rsquo;une interface d&rsquo;enregistrement. Un excellent rapport qualit\u00e9-prix pour les musiciens et cr\u00e9ateurs.<\/p>\n<p class=\"ds-markdown-paragraph\"><strong>Description longue et d\u00e9taill\u00e9e :<\/strong><br \/>\nLa table de mixage <strong>GAX-MF4<\/strong> de Recordio est une console audio compacte qui concentre l&rsquo;essentiel des fonctionnalit\u00e9s professionnelles dans un format abordable. Parfaite pour les d\u00e9butants comme pour les utilisateurs exp\u00e9riment\u00e9s, elle offre une solution compl\u00e8te pour la gestion du son \u00e0 la maison ou en d\u00e9placement.<\/p>\n<ul>\n<li>\n<p class=\"ds-markdown-paragraph\"><strong>4 Canaux pour Connecter Toutes Vos Sources :<\/strong> Id\u00e9ale pour brancher plusieurs micros, instruments de musique (guitare, clavier), lecteurs MP3 ou ordinateurs. Sa polyvalence en fait un outil parfait pour les petits groupes, les podcasts ou le karaok\u00e9.<\/p>\n<\/li>\n<li>\n<p class=\"ds-markdown-paragraph\"><strong>Alimentation Fant\u00f4me 48V pour Micros \u00e0 Condensateur :<\/strong> Une fonction essentielle qui vous permet d&rsquo;utiliser des microphones \u00e0 condensateur de qualit\u00e9 studio, pour une captation vocale ou instrumentale d&rsquo;une grande pr\u00e9cision et clart\u00e9.<\/p>\n<\/li>\n<li>\n<p class=\"ds-markdown-paragraph\"><strong>Connectivit\u00e9 Sans Fil et Multimedia :<\/strong><\/p>\n<ul>\n<li>\n<p class=\"ds-markdown-paragraph\"><strong>Bluetooth int\u00e9gr\u00e9<\/strong> : Diffusez de la musique sans fil depuis votre smartphone ou tablette pour les pauses ou les pistes d&rsquo;accompagnement.<\/p>\n<\/li>\n<li>\n<p class=\"ds-markdown-paragraph\"><strong>Port USB<\/strong> : Connectez la console \u00e0 votre ordinateur pour la lecture et <strong>l&rsquo;enregistrement audio<\/strong> direct, simplifiant grandement le travail en home studio.<\/p>\n<\/li>\n<\/ul>\n<\/li>\n<li>\n<p class=\"ds-markdown-paragraph\"><strong>Effets Num\u00e9riques Int\u00e9gr\u00e9s :<\/strong> Enrichissez votre son avec des effets de qualit\u00e9 (r\u00e9verb\u00e9rations, d\u00e9lais, etc.) pour donner plus de profondeur et de pr\u00e9sence \u00e0 vos voix et instruments.<\/p>\n<\/li>\n<li>\n<p class=\"ds-markdown-paragraph\"><strong>Design Compact et Robuste :<\/strong> Son format mini et sa construction (mat\u00e9riau \u00e0 confirmer) en font une console facile \u00e0 transporter et \u00e0 installer, m\u00eame dans les espaces restreints.<\/p>\n<\/li>\n<li>\n<p class=\"ds-markdown-paragraph\"><strong>Applications Id\u00e9ales :<\/strong><\/p>\n<ul>\n<li>\n<p class=\"ds-markdown-paragraph\"><strong>Karaok\u00e9 \u00e0 domicile<\/strong> : Une solution compl\u00e8te pour animer des soir\u00e9es avec une qualit\u00e9 sonore professionnelle.<\/p>\n<\/li>\n<li>\n<p class=\"ds-markdown-paragraph\"><strong>Home studio \/ Podcasting<\/strong> : Interface id\u00e9ale pour enregistrer des voix et instruments avec effets et retour direct.<\/p>\n<\/li>\n<li>\n<p class=\"ds-markdown-paragraph\"><strong>Petites sc\u00e8nes \/ concerts<\/strong> : Pour les musiciens solo ou les petits groupes.<\/p>\n<\/li>\n<li>\n<p class=\"ds-markdown-paragraph\"><strong>Streaming<\/strong> : G\u00e9rez facilement micro et musique pour vos lives en ligne.<\/p>\n<\/li>\n<\/ul>\n<\/li>\n<\/ul>\n\t\t<\/div>\n\t\t[\/vc_column][\/vc_row]<\/p>\n<\/div>","protected":false},"excerpt":{"rendered":"<p>La GAX-MF4 est id\u00e9ale pour une utilisation en <strong data-start=\"1006\" data-end=\"1056\">studio, mosqu\u00e9e, \u00e9v\u00e9nements, DJ set ou karaok\u00e9<\/strong>, offrant un contr\u00f4le pr\u00e9cis gr\u00e2ce \u00e0 son \u00e9galiseur et ses r\u00e9glages avanc\u00e9s.<\/p>\n","protected":false},"featured_media":7755,"template":"","meta":[],"product_brand":[373],"product_cat":[248,249,259,261],"product_tag":[380,376,341,386,377],"class_list":{"0":"post-7754","1":"product","2":"type-product","3":"status-publish","4":"has-post-thumbnail","6":"product_brand-recordio","7":"product_cat-sonorisation","8":"product_cat-sonorisation-live","9":"product_cat-table-de-mixage","10":"product_cat-table-de-mixage-avec-interface-pc","11":"product_tag-4-canaux","12":"product_tag-bluetooth","13":"product_tag-karaoke","14":"product_tag-mixeur-dj","15":"product_tag-usb","17":"first","18":"instock","19":"taxable","20":"shipping-taxable","21":"purchasable","22":"product-type-simple"},"_links":{"self":[{"href":"https:\/\/prosataudio.tn\/index.php?rest_route=\/wp\/v2\/product\/7754","targetHints":{"allow":["GET"]}}],"collection":[{"href":"https:\/\/prosataudio.tn\/index.php?rest_route=\/wp\/v2\/product"}],"about":[{"href":"https:\/\/prosataudio.tn\/index.php?rest_route=\/wp\/v2\/types\/product"}],"wp:featuredmedia":[{"embeddable":true,"href":"https:\/\/prosataudio.tn\/index.php?rest_route=\/wp\/v2\/media\/7755"}],"wp:attachment":[{"href":"https:\/\/prosataudio.tn\/index.php?rest_route=%2Fwp%2Fv2%2Fmedia&parent=7754"}],"wp:term":[{"taxonomy":"product_brand","embeddable":true,"href":"https:\/\/prosataudio.tn\/index.php?rest_route=%2Fwp%2Fv2%2Fproduct_brand&post=7754"},{"taxonomy":"product_cat","embeddable":true,"href":"https:\/\/prosataudio.tn\/index.php?rest_route=%2Fwp%2Fv2%2Fproduct_cat&post=7754"},{"taxonomy":"product_tag","embeddable":true,"href":"https:\/\/prosataudio.tn\/index.php?rest_route=%2Fwp%2Fv2%2Fproduct_tag&post=7754"}],"curies":[{"name":"wp","href":"https:\/\/api.w.org\/{rel}","templated":true}]}}